48?
True
Is 5 a factor of 222887746?
False
Is 32 a factor of 34721049?
False
Is 27 a factor of 1571647050?
True
Does 310 divide 28480320?
True
Is 199458195 a multiple of 51?
True
Does 76 divide 1718133444?
True
Is 58 a factor of 3775336?
True
Does 271 divide 15380063?
True
Is 64444212 a multiple of 4?
True
Does 222 divide 195260322?
True
Is 1939818 a multiple of 4?
False
Is 733 a factor of 997445876?
True
Is 282 a factor of 346112136?
True
Does 102 divide 2394597594?
True
Is 2119 a factor of 414095428?
False
Is 11 a factor of 1381881908?
True
Does 296 divide 365337704?
True
Does 325 divide 1819046775?
True
Does 137 divide 80876797?
False
Is 149 a factor of 16844527?
False
Is 266868364 a multiple of 1658?
True
Is 7 a factor of 48337713?
False
Is 372007536 a multiple of 114?
True
Does 1544 divide 1332868808?
True
Is 63 a factor of 54834507?
True
Is 22784541 a multiple of 189?
False
Does 494 divide 274050359?
False
Is 18 a factor of 2961216?
True
Does 13 divide 33372651?
True
Is 171978150 a multiple of 703?
False
Does 18 divide 173177183?
False
Is 1883580 a multiple of 318?
False
Is 115795856 a multiple of 919?
False
Is 1714319334 a multiple of 1493?
True
Does 345 divide 23648537?
False
Is 4310 a factor of 515984769?
False
Is 579857135 a multiple of 143?
True
Is 1395 a factor of 174304950?
False
Does 7 divide 153210960?
True
Does 13 divide 1403151216?
False
Does 890 divide 477317680?
True
Is 218075564 a multiple of 5959?
True
Does 10670 divide 3117816680?
True
Is 17276318 a multiple of 17?
True
Is 97015776 a multiple of 37?
True
Is 49301884 a multiple of 7?
False
Does 32 divide 270436768?
True
Is 1313765526 a multiple of 2679?
True
Is 1340082650 a multiple of 46?
False
Is 282429257 a multiple of 81?
False
Is 24886874 a multiple of 10?
False
Is 286 a factor of 117102128?
True
Is 89317160 a multiple of 3558?
False
Does 15 divide 5187915?
True
Is 3523 a factor of 341134908?
False
Is 17687296 a multiple of 128?
True
Is 698784504 a multiple of 11?
True
Does 5 divide 10583463?
False
Is 2659285904 a multiple of 37?
True
Does 9 divide 24053334?
False
Does 20 divide 62639260?
True
Is 1019 a factor of 399260136?
False
Is 182149852 a multiple of 33?
False
Is 63 a factor of 37360153?
False
Is 775190850 a multiple of 14?
True
Is 199 a factor of 297447489?
True
Does 21 divide 47822250?
True
Does 3 divide 11308768?
False
Is 1036 a factor of 18707961?
False
Is 13 a factor of 91880217?
True
Is 57309715 even?
False
Does 105 divide 431284665?
True
Is 597129454 a multiple of 726?
False
Is 5009842038 a multiple of 61?
True
Does 32 divide 1167479976?
False
Does 22 divide 43314656?
True
Is 49 a factor of 65546565?
True
Is 64421763 a multiple of 21?
True
Does 183 divide 44717697?
True
Does 94 divide 17587172?
False
Is 353447820 a multiple of 628?
True
Does 175 divide 62797697?
False
Is 945268977 a multiple of 3197?
False
Is 15 a factor of 125319766?
False
Is 15736024 a multiple of 19?
False
Does 13 divide 99548619?
False
Is 27 a factor of 3222207?
True
Is 123631740 a multiple of 18?
True
Does 18 divide 150023592?
True
Is 796390 a multiple of 155?
True
Does 1287 divide 6724575?
True
Is 491177835 a multiple of 27?
False
Does 46 divide 5457486?
True
Does 401 divide 99931805?
False
Is 10901 a factor of 4680246241?
True
Does 2172 divide 1278806113?
False
Is 1629 a factor of 510368958?
True
Is 13 a factor of 30930796?
True
Is 420843271 a multiple of 170?
False
Does 17 divide 1598914846?
False
Is 4444310 a multiple of 13?
True
Is 52009555 a multiple of 23?
True
Is 42 a factor of 2514094926?
True
Is 136 a factor of 1616544541?
False
Is 33 a factor of 183944541?
True
Does 934 divide 811027692?
True
Is 300403063 a multiple of 1290?
False
Does 20 divide 680586410?
False
Does 11 divide 62543271?
False
Does 29 divide 3839056532?
False
Is 101457897 a multiple of 743?
False
Does 30 divide 5388390?
True
Does 133 divide 72055706?
False
Does 38 divide 41271686?
True
Is 60926339 a multiple of 11?
False
Does 425 divide 239681041?
False
Is 1245 a factor of 82978537?
False
Is 6 a factor of 199527168?
True
Is 49 a factor of 8233372?
True
Is 42 a factor of 16601426?
False
Is 13 a factor of 743221294?
False
Is 2423718384 a multiple of 137?
False
Is 1755911052 a multiple of 62?
True
Is 151392168 a multiple of 24?
True
Is 222 a factor of 73468338?
False
Is 174937104 a multiple of 8?
True
Is 34263440 a multiple of 2275?
False
Does 34 divide 21768534?
True
Does 4099 divide 95942799?
False
Does 1320 divide 16721760?
True
Is 587 a factor of 286309454?
False
Does 256 divide 262261248?
True
Is 483555660 a multiple of 2086?
True
Is 10 a factor of 38363857?
False
Is 30 a factor of 27365931?
False
Is 14 a factor of 502505416?
True
Is 120 a factor of 92875800?
True
Is 1102 a factor of 88714320?
False
Is 945 a factor of 2638385190?
True
Is 7300 a factor of 2145258300?
True
Is 19 a factor of 642782027?
True
Is 8 a factor of 1748915864?
True
Is 108122604 a multiple of 1101?
True
Does 271 divide 330665332?
False
Is 34 a factor of 6371974?
True
Does 27 divide 141574203?
True
Is 1622082 a multiple of 127?
False
Is 725634 a multiple of 21?
True
Is 1922 a factor of 517798332?
True
Is 86342801 a multiple of 178?
False
Does 76 divide 1757110348?
True
Does 4 divide 101373271?
False
Is 20020273 a multiple of 13?
True
Is 175310952 a multiple of 6?
True
Does 12 divide 357817851?
False
Does 148 divide 428998340?
False
Is 658266115 a multiple of 6981?
False
Does 10 divide 3622503043?
False
Is 2138344 a multiple of 8?
True
Does 2941 divide 223404242?
True
Is 17631229 a multiple of 28?
False
Is 610939984 a multiple of 368?
True
Does 109 divide 354219?
False
Does 403 divide 214671565?
False
Does 90 divide 971896320?
True
Is 9 a factor of 1474081205?
False
Is 2892 a factor of 35860800?
True
Is 1573 a factor of 3206897122?
True
Is 36 a factor of 6197328?
True
Is 885 a factor of 67926405?
True
Is 28356048 a multiple of 65?
False
Is 102 a factor of 12350736?
False
Does 112 divide 1799169904?
True
Does 319 divide 6266117?
True
Is 5089 a factor of 2959686065?
True
Is 2134456632 a multiple of 33?
True
Is 3427686 a multiple of 2437?
False
Is 7 a factor of 170573668?
False
Does 171 divide 19938258?
True
Is 351 a factor of 45711783?
True
Is 1204 a factor of 17524220?
True
Is 2948995008 a multiple of 64?
True
Is 333 a factor of 523476?
True
Is 942169451 a multiple of 4?
False
Is 17051 a factor of 3232686055?
False
Is 89 a factor of 1326990?
True
Is 1478 a factor of 10138824?
False
Is 189833652 a multiple of 522?
True
Is 176 a factor of 594316?
False
Is 33889706 a multiple of 314?
True
Is 114 a factor of 2686917642?
True
Is 258 a factor of 35301624?
True
Is 486 a factor of 15615180?
True
Is 117 a factor of 13253409?
True
Is 57561252 a multiple of 6?
True
Is 6941 a factor of 989161910?
True
Is 1131 a factor of 12762204?
True
Is 416 a factor of 791925472?
True
Is 289554160 a multiple of 20?
True
Does 3178 divide 118393848?
False
Is 8475568 a multiple of 25?
False
Is 40 a factor of 23589480?
True
Is 95264190 a multiple of 946?
False
Is 433 a factor of 193296829?
True
Is 43 a factor of 312540214?
False
Is 1893 a factor of 253239861?
True
Is 49 a factor of 862787187?
False
Is 2391538059 a multiple of 31?
True
Is 110949498 a multiple of 312?
False
Does 14 divide 104921016?
False
Is 19472156 a multiple of 161?
False
Does 62 divide 301376024?
False
Is 1027 a factor of 848247898?
False
Does 73 divide 85108875?
True
Is 14183302 a multiple of 80?
False
Does 9 divide 19230193?
False
Does 2017 divide 8703355?
True
Does 62 divide 23435752?
True
Does 1305 divide 686660?
False
Is 105 a factor of 42969255?
True
Is 55 a factor of 150001005?
True
Is 796 a factor of 74598732?
True
Is 17432411 a multiple of 43?
False
Is 7541919 a multiple of 2?
False
Does 15 divide 764438716?
False
Is 1656717982 a multiple of 80?
False
Is 259670966 a multiple of 284?
False
Is 10 a factor of 70540707?
False
Is 4 a factor of 63032812?
True
Does 557 divide 109552431?
True
Is 4902869 a multiple of 149?
False
Does 15 divide 52052511?
False
Is 980 a factor of 10714340?
True
Is 6686731 a multiple of 31?
True
Is 3002064005 a multiple of 37?
True
Is 8626770 a multiple of 534?
True
Is 11216251 a multiple of 29?
False
Does 268 divide 21482763?
False
Is 149 a factor of 477301264?
